ivative of h**3/3 + h**2/2 + 15*h - 2. What is q(c)?
15
Let q = -455 + 460. Let f(a) = a**2 - 6*a + 2. What is f(q)?
-3
Let l(k) = k**2 - 6*k + 3. Let p be ((13 - 8) + -6)/(2/(-10)). Give l(p).
-2
Let w(j) = -j**2 - 7*j - 8. Suppose -16 = 3*i + 4*b, i = -0*i - 3*b - 12. Suppose -3*q = -5*z - 7, 0 = q + 4*z + 13 + 13. Let d = i + q. Give w(d).
-2
Let i(h) = -h**2 + 6*h - 3. Let q = 189 - 183. What is i(q)?
-3
Let h(t) = -2 - 108*t**2 - 1 + 109*t**2. Let z be h(0). Let s(a) = -2*a - 3. Calculate s(z).
3
Let y(r) be the second derivative of -4/3*r**3 + 1/12*r**4 + 4 + 3*r + 9/2*r**2. Calculate y(7).
2
Suppose -2*o + 0*o + 12 = 0. Let n(h) = -h**3 + 7*h**2 + 7*h + 1. Let a be n(o). Let z(y) = 0 + 13 - 1 + a*y - 80*y. What is z(0)?
12
Let k(c) = c - 16. Suppose 22*u = 8*u + 224. Determine k(u).
0
Let o(a) be the third derivative of a**6/120 - 7*a**5/60 + a**4/24 + 2*a**3/3 - 19*a**2 + 1. Calculate o(7).
11
Let n(l) = -5*l + 5. Let x be (-3)/(-6)*(-2 - (-12)/(-2)). Determine n(x).
25
Let v(u) = u**3 + 33*u**2 + 30*u - 66. Let g = -838 - -806. What is v(g)?
-2
Let w(x) = 5*x**2 + 13*x - 145. Let h(u) = -3*u**2 - 9*u + 90. Let m(t) = -8*h(t) - 5*w(t). Let i be ((-1)/(-3))/(4/84). Determine m(i).
5
Let o(s) = -s**2 - 2*s - 1. Suppose 21 = -5*r - 5*z + 31, 5*r = 2*z - 18. What is o(r)?
-1
Let g(q) = 2*q**2 - 5*q - 4. Suppose -47*v + 60 = -128. What is g(v)?
8
Let y be -1 + 93/21 - (-6)/(-14). Let k(p) = -p**3 + 0*p**y - 31 + 24 - 5*p**2. Give k(-5).
-7
Let i(c) = -c**2 + 10*c + 13. Let p be i(11). Let k(x) = -2*x + 3. Let v(t) = 1. Let d(g) = k(g) - 2*v(g). What is d(p)?
-3
Let c(d) = 5*d + 8. Suppose 1 + 37 = t. Suppose -2*a = 5*v + 17 + 9, -t = 5*v - 4*a. What is c(v)?
-22
Let p(n) = n**3 + 5*n**2 - 2 + n - n + 5*n + 0. Suppose 0 = -0*j + 2*j + 8. Calculate p(j).
-6
Let q(z) = -1 - 2*z + 3 - 15*z + 20*z + 4*z. Determine q(6).
44
Let j = -11 - -10. Let l(v) = v + 1. Let b(q) = -2*q + 4. Let y(i) = j*b(i) - 3*l(i). What is y(-8)?
1
Suppose 8*d - 44 + 36 = 0. Let c(f) = 2*f + 4. What is c(d)?
6
Let l = 50 - 36. Let o be (-20 + l)/(6/4). Let i = 7 + o. Let g(a) = a**2 + 4. Determine g(i).
13
Let l(t) be the first derivative of -5*t**2/2 - t + 1. Let a be 3 - (0/(-4))/(-4). Suppose -4 = -a*r - 1. Calculate l(r).
-6
Let h(y) = 0 - 39*y - 1 - 42*y + y**3 + 82*y + 3*y**2. Suppose 0 + 8 = -2*r + d, 0 = -r - 2*d + 6. Give h(r).
1
Let x(k) = k**2 - 11*k + 17. Suppose 3*s = -17*s + 180. Calculate x(s).
-1
Let g(b) be the second derivative of 0 + 11*b + 1/2*b**2 - 1/12*b**4 + 1/6*b**3. Determine g(2).
-1
Let q be (-10)/(-6) + 2/6. Let r(g) = 5 + g - 7 + q. What is r(1)?
1
Let j(t) = t**2 - t - 3. Let h(m) = -m. Let k(a) = 3*h(a) - j(a). Let n be 3/(12/16)*1. Suppose 16 = 4*z, 0 = v - z + n*z - 7. Calculate k(v).
-12
Suppose -23 - 9 = -2*i + 4*f, 5*i - 45 = 3*f. Let l = 8 - i. Let k(o) = -4 + 10*o**3 - 9*o**3 - 4 + 2*o - 6*o**l. What is k(6)?
4
Let y(r) be the first derivative of 2*r**3/3 - r**2/2 - 1. Let w = -21 + -66. Let n = 89 + w. What is y(n)?
6
Let i(m) = m - 7. Let x = 24 - 24. Suppose 0*d + 4*d = x, 0 = -r - 5*d. Calculate i(r).
-7
Let r(j) be the second derivative of 2*j**3/3 + 51*j**2/2 - 7*j - 3. Give r(-14).
-5
Let x(k) be the second derivative of -k**3/6 - 3*k**2/2 + 3*k - 5. Calculate x(-3).
0
Let i = -254 - -258. Let u(b) = b**2 - 3*b + 2. Give u(i).
6
Let z = -9 + 6. Let o(t) be the first derivative of t**3/6 + 45*t - 34. Let u(g) be the first derivative of o(g). Determine u(z).
-3
Suppose 23*z = 50*z + 27. Let o(k) be the second derivative of -5*k**3/3 - k. Give o(z).
10
Let v(g) = -g. Let d be (-7 + 5)/(2/(-3)). Let k be (-35)/(-3) + 1/d. Suppose k = -16*n + 18*n. Calculate v(n).
-6
Let m(p) = 5*p**2 - 16*p + 7. Let d(l) = -l**2 + 2*l - 1. Let k(c) = -6*d(c) - m(c). What is k(-6)?
11
Let x = -72 + 74. Let p(w) = 0*w - 6 + 7*w - 8*w + w**x. Suppose 5*o = -3 + 28. Give p(o).
14
Suppose 2*j + 4*t = -14 - 14, 5*t + 20 = 0. Let i be (-6 + 0 - -2)*(-3)/j. Let d(y) = 3*y**3 + y**2 - y + 2. Determine d(i).
-16
Suppose 5*z + 36*b = 33*b - 32, -2*z = -4*b - 8. Let o(q) = -q**3 - 4*q**2 - 3. Determine o(z).
-3
Let d(b) = -4*b - b - 2*b - b**3 - 6*b**2 - 1 - 6. Suppose 17 - 7 = -2*z. What is d(z)?
3
Let k(b) = 1 - 2 + 2. Let r(c) = c + 2. Let j(q) = 2*k(q) - r(q). Suppose 3*g - 40 = -g - 4*f, 14 = 3*g - f. Give j(g).
-6
Let o be ((-8)/(-5))/((-10)/(-25)). Suppose -5*c = o*m - 5, c - 3*c = -3*m - 25. Let q(i) = -4 - 2*i**2 - c*i**2 + 2*i + 3. Give q(1).
-6
Let k(u) be the first derivative of u**3/3 - u**2/2 + 2*u + 61. What is k(2)?
4
Let b = -16 - -23. Suppose -3*a = -8*a + 2*m + b, 13 = 3*a + m. Let v be (-2 - (-3 + 2))*a. Let c(j) = -j**3 - 4*j**2 - 5*j - 2. Calculate c(v).
4
Suppose -p + 4 = 0, -2*j - j - 3*p = -45. Let n(r) = -2 - 11*r - 29*r**2 - 29*r**2 + 0 + 59*r**2. Calculate n(j).
-2
Let t(b) = 13*b + 23. Let f(i) = 8*i + 24. Let n(h) = 3*f(h) - 2*t(h). Determine n(11).
4
Suppose -27*w - 60 = 102. Let q(z) = z + 13. Give q(w).
7
Suppose 0 = b + 4*v + v + 14, 5*b = 3*v + 42. Let h(y) = 2*y + 14. Let i(x) = -3*x - 17. Let j(c) = 4*h(c) + 3*i(c). Determine j(b).
-1
Let m(f) = -33*f**3 + 1. Suppose -15 = -9*l - 6. Determine m(l).
-32
Let d be 11/33 + (-8)/(-3). Suppose y + 61 = -5*c + c, -5*c = -y + 74. Let g be ((-12)/(-10))/(d/c). Let f(k) = k**2 + 6*k - 3. Calculate f(g).
-3
Let b = 108 - 113. Let x(a) = -4*a**3 + 4*a**2 + a. Let z(w) = -5*w**3 + 4*w**2 + 2*w. Let i(u) = b*z(u) + 6*x(u). Give i(-5).
-5
Let y(c) be the first derivative of c**2/2 + c + 61. Give y(6).
7
Let n(i) = -i - 31. Suppose 4*a = -5*u - 115, 3*a - 39 - 3 = 3*u. Give n(u).
-12
Suppose -7 = -s + m, 4*s + 5*m - 29 = 8*m. Let j(h) = -6*h**2 + 16*h + 6. Let t(x) = 5*x**2 - 14*x - 7. Let p(w) = -4*j(w) - 5*t(w). Give p(s).
-5
Suppose -b = b + 24. Let k = b - -18. Let s(a) = a**2 - 5*a - 1. Let c be s(k). Let l(n) = -n**2 + 7*n - 7. Determine l(c).
3
Let q(r) = r**2 + 0*r - 1 + r - 5*r. Let y = -10 + 16. Suppose 3*j = i + y, i + 0*j - j = 0. Determine q(i).
-4
Let y be 8/(-12) - 5/(-3). Let r(c) be the first derivative of -2*c**3 - c**2/2 + 2. Give r(y).
-7
Let s(n) = 6*n**2 - 7*n - 6. Let r(t) = t + 1. Let b(k) = 5*r(k) + s(k). Let l = 941 - 942. Determine b(l).
7
Let f(a) = a**3 + 4*a**2 + 3*a + 2. Let h be -8 + 113 - (-1 + 2). Let x = h - 108. Give f(x).
-10
Let v(h) be the first derivative of -h**2/2 - 1. Let m be v(2). Let c(o) = 9*o + 3. What is c(m)?
-15
Let l be (-105)/(-70)*-1*4*-1. Let j be l/(-15) + 27/5. Let h(y) = y - 5. Determine h(j).
0
Let z(i) = -18*i + 3. Let c(m) = 13*m - 2. Let o(k) = -4*c(k) - 3*z(k). Suppose -2*w = -5*w - 6. Let l(r) = -r**3 - 2*r**2 - 2*r. Let y be l(w). Determine o(y).
7
Let p be -14 - -17 - -1*2/(-2). Suppose -1 - 5 = -2*q + 2*d, q - p*d = 6. Let g(j) = -j**3 + j**2 + j + 4. Give g(q).
4
Let c(o) = 11*o + 2. Let d(j) be the third derivative of -5*j**4/24 - j**3/6 - 7*j**2. Let x(w) = 4*c(w) + 9*d(w). Calculate x(-3).
2
Suppose 8 = 7*o - 3*o, -6 = -d - 3*o. Let u(k) = -2*k**2 - 4 + d + 7*k + 5 - 4*k**2 - k**3. What is u(-7)?
1
Suppose 2*t - 5*t = -6. Suppose -t*o - 3 = -13. Let x(p) = p**3 - 5*p**2 - 2*p + 7. Determine x(o).
-3
Suppose 4*s + 4 = 3*f, 3*s - 4*f + 22 = 6*s. Let j(p) = -3 + 4 + p - 2*p - s. Determine j(-3).
2
Let f(t) = t**2 - 11*t - 1. Suppose 675 = -29*b + 104*b. Calculate f(b).
-19
Let v(c) = -c + 1. Suppose -12*i - 11 = 61. Calculate v(i).
7
Let i(m) = -m - 10. Let d be (2 - (-32)/(-12))/(20/150). Calculate i(d).
-5
Let q(i) = -i - 2. Let b = -476 + 484. Give q(b).
-10
Let w(o) = o**2 + 7*o - 1. Let s(l) = -l**2 + 1. Let i(x) = -7*x**2 - 13*x + 6. Let a(b) = -i(b) + 5*s(b). Let v(y) = -3*a(y) + 5*w(y). Calculate v(-4).
-2
Let o(f) be the first derivative of 5*f - 5/2*f**2 - 19 + 1/3*f**3. Suppose -5*z + 15 = -5*u, -4*z - 9 = -5*z - 5*u. Give o(z).
1
Let c be (-25)/(-20)*(-4 + 0). Suppose 2*y - 11 = m + 6*y, 4*m = -y + 31. Let h(n) = -2*n - 31 + n**2 + m*n + 38. Give h(c).
-3
Let r(f) = 6*f + 97. Let n(m) = -2*m - 36. Let o(c) = 8*n(c) + 3*r(c). What is o(2)?
7
Let c(w) = w - 1. Let a be c(2). Let h(u) = -3 - u**2 + 2*u - 2*u**2 + a + 0 + u**3. What is h(2)?
-2
Let n(x) = -x**2 + 8*x + 5. Let v be n(8). Let o(b) be the first derivative of b**2 - 7*b - 675. Determine o(v).
3
Let y = -35 + 58. Let d(a) = -a**3 - 3 - 18*a**2 -